{"id":1286,"date":"2021-11-23T22:18:22","date_gmt":"2021-11-23T21:18:22","guid":{"rendered":"https:\/\/www.acgl.fr\/?page_id=1286"},"modified":"2026-04-08T20:38:46","modified_gmt":"2026-04-08T18:38:46","slug":"tarifs","status":"publish","type":"page","link":"https:\/\/www.acgl.fr\/index.php\/tarifs\/","title":{"rendered":"Tarifs"},"content":{"rendered":"\r\n<div class=\"vce-row-container\">\r\n<div id=\"el-4bf6d9f4\" class=\"vce-row vce-row--xl--has-col-background vce-row--lg--has-col-background vce-row--md--has-col-background vce-row--sm--has-col-background vce-row--xs--has-col-background vce-element--has-background vce-row--col-gap-20 vce-row-no-paddings vce-row-equal-height vce-row-content--top\" data-vce-full-width=\"true\" data-vce-stretch-content=\"true\" data-vce-do-apply=\"all el-4bf6d9f4\">\r\n<div class=\"vce-content-background-container\">\r\n<div class=\"vce-asset-parallax-container vce-visible-all-only\" data-vce-assets-parallax=\".vce-asset-parallax\" data-vce-assets-parallax-reverse=\"false\">\r\n<div class=\"vce-asset-parallax\" style=\"top: -30vh; bottom: -30vh; transform: translateY(14.7781vh);\">\r\n<div class=\"vce-asset-background-simple-container vce-visible-all-only vce-asset-background-simple--style-cover vce-asset-background-simple--position-center-top\">\r\n<div class=\"vce-asset-background-simple\">\r\n<div class=\"vce-asset-background-simple-item vcv-lozad\" data-background-image=\"http:\/\/dev.acgl.fr\/wp-content\/uploads\/2021\/11\/Fond-rose.jpg\">\u00a0<\/div>\r\n<noscript>\r\n                <div class=\"vce-asset-background-simple-item\" style=\"background-image: url(http:\/\/dev.acgl.fr\/wp-content\/uploads\/2021\/11\/Fond-rose.jpg)\"><\/div>\r\n              <\/noscript><\/div>\r\n<\/div>\r\n<\/div>\r\n<\/div>\r\n<\/div>\r\n<div class=\"vce-row-content\" data-vce-element-content=\"true\">\r\n<div id=\"el-7589bde4\" class=\"vce-col vce-col--md-15p vce-col--xs-1 vce-col--xs-last vce-col--xs-first vce-col--sm-last vce-col--sm-first vce-col--md-first vce-col--lg-first vce-col--xl-first\">\r\n<div class=\"vce-col-inner\" data-vce-do-apply=\"border margin background  el-7589bde4\">\r\n<div class=\"vce-col-content\" data-vce-element-content=\"true\" data-vce-do-apply=\"padding el-7589bde4\">\r\n\r\n\r\n<div class=\"vcv-row-control-wrapper\">\u00a0<\/div>\r\n<\/div>\r\n<\/div>\r\n<\/div>\r\n\r\n<div id=\"el-28951f8b\" class=\"vce-col vce-element--xl--has-background vce-element--lg--has-background vce-element--md--has-background vce-element--sm--has-background vce-element--xs--has-background vce-col--md-auto vce-col--xs-1 vce-col--xs-last vce-col--xs-first vce-col--sm-last vce-col--sm-first\">\r\n<div class=\"vce-col-inner\" data-vce-do-apply=\"border margin background  el-28951f8b\">\r\n<div class=\"vce-content-background-container\">\u00a0<\/div>\r\n<div class=\"vce-col-content\" data-vce-element-content=\"true\" data-vce-do-apply=\"padding el-28951f8b\">\r\n<div class=\"vce-text-block\">\r\n<div id=\"el-b98f4bd2\" class=\"vce-text-block-wrapper vce\" data-vce-do-apply=\"all el-b98f4bd2\">\r\n<h1>Nos tarifs<br \/><span style=\"font-size: 12pt;\"><strong><span style=\"font-style: normal;\">Mise \u00e0 jour le 08\/04\/2026<\/span><\/strong><\/span><\/h1>\r\n<p>Nos tarifs sont tr\u00e8s comp\u00e9titifs et l\u2019\u00e9quipe dirigeante met tout en \u0153uvre pour qu\u2019ils \u00e9voluent raisonnablement au fil du temps.<\/p>\r\n<p>Notre club, association loi de 1901, est sans but lucratif et les co\u00fbts horaires des avions sont calcul\u00e9s au plus juste afin que chacun puisse pratiquer au mieux sa passion.<\/p>\r\n<div>\r\n<h5>Les tarifs tiennent compte :<\/h5>\r\n<ul>\r\n<li style=\"list-style-type: none;\">\r\n<ul>\r\n<li>De la consommation en essence (100 LL) et en huile des avions<\/li>\r\n<\/ul>\r\n<\/li>\r\n<\/ul>\r\n<ul>\r\n<li style=\"list-style-type: none;\">\r\n<ul>\r\n<li>De l'entretien des appareils<\/li>\r\n<\/ul>\r\n<\/li>\r\n<\/ul>\r\n<ul>\r\n<li style=\"list-style-type: none;\">\r\n<ul>\r\n<li>De l'amortissement du mat\u00e9riel<\/li>\r\n<\/ul>\r\n<\/li>\r\n<\/ul>\r\n<ul>\r\n<li style=\"list-style-type: none;\">\r\n<ul>\r\n<li>Des frais divers (assurance, parking avions, gestion administrative...)<\/li>\r\n<\/ul>\r\n<\/li>\r\n<\/ul>\r\n<\/div>\r\n<\/div>\r\n<\/div>\r\n\r\n<div class=\"vce-raw-html\">\r\n<div id=\"el-ccd36912\" class=\"vce-raw-html-wrapper\" data-vce-do-apply=\"all el-ccd36912\">\r\n<h5>Inscription<\/h5>\r\n\u00a0\r\n<table border=\"1\">\r\n<tbody>\r\n<tr>\r\n<td>Cotisation club - moins de 25 ans<\/td>\r\n<td style=\"text-align: right;\"><strong>120,00 \u20ac<\/strong><\/td>\r\n<\/tr>\r\n<tr>\r\n<td>Cotisation club - plus de 25 ans<\/td>\r\n<td style=\"text-align: right;\"><strong>240,00 \u20ac<\/strong><\/td>\r\n<\/tr>\r\n<tr>\r\n<td>Assurance\/licence F\u00e9d\u00e9ration Fran\u00e7aise A\u00e9ronautique<\/td>\r\n<td style=\"text-align: right;\"><strong>96,00 \u20ac<\/strong><\/td>\r\n<\/tr>\r\n<tr>\r\n<td>Abonnement au magazine info-pilote (facultatif)<\/td>\r\n<td style=\"text-align: right;\"><strong>49,00 \u20ac<\/strong><\/td>\r\n<\/tr>\r\n<tr>\r\n<td>Participation aux frais fixes avions (facultatif, donne acc\u00e8s au tarif r\u00e9duit)*<\/td>\r\n<td style=\"text-align: right;\"><strong>460,00 \u20ac<\/strong><\/td>\r\n<\/tr>\r\n<tr>\r\n<td>Abonnement taxes d\u2019atterrissage Bron**<\/td>\r\n<td style=\"text-align: right;\"><strong>50,00 \u20ac<\/strong><\/td>\r\n<\/tr>\r\n<tr>\r\n<td>Assurance casse (facultatif)<\/td>\r\n<td style=\"text-align: right;\"><strong>50,00 \u20ac<\/strong><\/td>\r\n<\/tr>\r\n<tr>\r\n<td>Forfait suivi formation (uniquement pour les \u00e9l\u00e8ves)<\/td>\r\n<td style=\"text-align: right;\"><strong>50,00 \u20ac<\/strong><\/td>\r\n<\/tr>\r\n<\/tbody>\r\n<\/table>\r\n<br \/>* Permet une r\u00e9duction de 30\u20ac sur l\u2019heure de vol et la gratuit\u00e9 des Taxes de jour sur Bron<br \/>** Non concern\u00e9 si participation aux frais fixes avions souscrite \u00a0\r\n<h5>Tarifs horaires des avions<\/h5>\r\n\u00a0\r\n<table border=\"1\">\r\n<tbody>\r\n<tr>\r\n<td><strong>Avion<\/strong><\/td>\r\n<td style=\"text-align: right;\" width=\"16%\"><strong>Tarif normal VFR<\/strong><\/td>\r\n<td style=\"text-align: right;\" width=\"15%\"><strong>Tarif r\u00e9duit VFR<\/strong><\/td>\r\n<td style=\"text-align: right;\" width=\"15%\"><strong>Tarif normal IFR<\/strong><\/td>\r\n<td style=\"text-align: right;\" width=\"15%\"><strong>Tarif r\u00e9duit IFR<\/strong><\/td>\r\n<\/tr>\r\n<tr>\r\n<td style=\"padding-left: 5px; padding-right: 5px;\"><a href=\"\/index.php\/acionsecole\/\">Velis (avion \u00e9lectrique)<\/a><\/td>\r\n<td style=\"padding-left: 5px; padding-right: 5px; text-align: right;\"><strong>90,00 \u20ac<\/strong><\/td>\r\n<td style=\"padding-left: 5px; padding-right: 5px; text-align: right;\">\u00a0<\/td>\r\n<td style=\"padding-left: 5px; padding-right: 5px; text-align: right;\">\u00a0<\/td>\r\n<td style=\"padding-left: 5px; padding-right: 5px; text-align: right;\">\u00a0<\/td>\r\n<\/tr>\r\n<tr>\r\n<td style=\"padding-left: 5px; padding-right: 5px;\"><a href=\"\/index.php\/acionsecole\/\">Viper SD-4<\/a><\/td>\r\n<td style=\"padding-left: 5px; padding-right: 5px; text-align: right;\"><strong>159,00 \u20ac<\/strong><\/td>\r\n<td style=\"padding-left: 5px; padding-right: 5px; text-align: right;\"><strong>129,00 \u20ac<\/strong><\/td>\r\n<td style=\"padding-left: 5px; padding-right: 5px; text-align: right;\">\u00a0<\/td>\r\n<td style=\"padding-left: 5px; padding-right: 5px; text-align: right;\">\u00a0<\/td>\r\n<\/tr>\r\n<tr>\r\n<td style=\"padding-left: 5px; padding-right: 5px;\"><a href=\"\/index.php\/f-buse-2\/\">Robin DR400 - 120ch<\/a><\/td>\r\n<td style=\"padding-left: 5px; padding-right: 5px; text-align: right;\"><strong>169,00 \u20ac<\/strong><\/td>\r\n<td style=\"padding-left: 5px; padding-right: 5px; text-align: right;\"><strong>139,00 \u20ac<\/strong><\/td>\r\n<td style=\"padding-left: 5px; padding-right: 5px; text-align: right;\">\u00a0<\/td>\r\n<td style=\"padding-left: 5px; padding-right: 5px; text-align: right;\">\u00a0<\/td>\r\n<\/tr>\r\n<tr>\r\n<td style=\"padding-left: 5px; padding-right: 5px;\"><a href=\"\/index.php\/f-hiye-2\/\">Robin DR400 - 180ch<\/a><\/td>\r\n<td style=\"padding-left: 5px; padding-right: 5px; text-align: right;\"><strong>210,00 \u20ac<\/strong><\/td>\r\n<td style=\"padding-left: 5px; padding-right: 5px; text-align: right;\"><strong>180,00 \u20ac<\/strong><\/td>\r\n<td style=\"padding-left: 5px; padding-right: 5px; text-align: right;\">\u00a0<\/td>\r\n<td style=\"padding-left: 5px; padding-right: 5px; text-align: right;\">\u00a0<\/td>\r\n<\/tr>\r\n<tr>\r\n<td style=\"padding-left: 5px; padding-right: 5px;\"><a href=\"\/index.php\/f-hcfx-2\/\">Cessna 172 SP - 180ch<\/a><\/td>\r\n<td style=\"padding-left: 5px; padding-right: 5px; text-align: right;\"><strong>227,00 \u20ac<\/strong><\/td>\r\n<td style=\"padding-left: 5px; padding-right: 5px; text-align: right;\"><strong>197,00 \u20ac<\/strong><\/td>\r\n<td style=\"padding-left: 5px; padding-right: 5px; text-align: right;\"><strong>252,00 \u20ac<\/strong><\/td>\r\n<td style=\"padding-left: 5px; padding-right: 5px; text-align: right;\"><strong>222,00 \u20ac<\/strong><\/td>\r\n<\/tr>\r\n<tr>\r\n<td style=\"padding-left: 5px; padding-right: 5px;\"><a href=\"\/index.php\/n56ek-2\/\">PA 28 Archer II - 180ch<\/a><\/td>\r\n<td style=\"padding-left: 5px; padding-right: 5px; text-align: right;\"><strong>227,00 \u20ac<\/strong><\/td>\r\n<td style=\"padding-left: 5px; padding-right: 5px; text-align: right;\"><strong>197,00 \u20ac<\/strong><\/td>\r\n<td style=\"padding-left: 5px; padding-right: 5px; text-align: right;\"><strong>252,00 \u20ac<\/strong><\/td>\r\n<td style=\"padding-left: 5px; padding-right: 5px; text-align: right;\"><strong>222,00 \u20ac<\/strong><\/td>\r\n<\/tr>\r\n<tr>\r\n<td style=\"padding-left: 5px; padding-right: 5px;\"><a href=\"\/index.php\/f-hitc\/\">PA 28 Arrow III - 200ch<\/a><\/td>\r\n<td style=\"padding-left: 5px; padding-right: 5px; text-align: right;\"><strong>235,00 \u20ac<\/strong><\/td>\r\n<td style=\"padding-left: 5px; padding-right: 5px; text-align: right;\"><strong>Ind.<\/strong><\/td>\r\n<td style=\"padding-left: 5px; padding-right: 5px; text-align: right;\"><strong>Ind.<\/strong><\/td>\r\n<td style=\"padding-left: 5px; padding-right: 5px; text-align: right;\"><strong>Ind.<\/strong><\/td>\r\n<\/tr>\r\n<\/tbody>\r\n<\/table>\r\n<\/div>\r\n<\/div>\r\n\r\n<div class=\"vce-text-block\">\r\n<div id=\"el-f93bd987\" class=\"vce-text-block-wrapper vce\" data-vce-do-apply=\"all el-f93bd987\">\r\n<p>&nbsp;<\/p>\r\n<p><strong>Nota<\/strong> : les cotisations Club et la participation aux frais fixes (\u00e9ventuellement) sont acquis d\u00e9finitivement au club, quel que soit le nombre d'heures de vol effectu\u00e9 dans l'ann\u00e9e.<\/p>\r\n<h5>Co\u00fbt de l'instruction :<\/h5>\r\n<p>Instruction VFR de jour ou de nuit\u00a0 : <strong>45,00 \u20ac \/ heure de vol<\/strong><\/p>\r\n<p>Instruction IFR : <strong>60,00 \u20ac \/ heure de vol<\/strong><\/p>\r\n<\/div>\r\n<\/div>\r\n<\/div>\r\n<\/div>\r\n<\/div>\r\n\r\n<div id=\"el-ec88af8d\" class=\"vce-col vce-col--md-15p vce-col--xs-1 vce-col--xs-last vce-col--xs-first vce-col--sm-last vce-col--sm-first vce-col--md-last vce-col--lg-last vce-col--xl-last\">\r\n<div class=\"vce-col-inner\" data-vce-do-apply=\"border margin background  el-ec88af8d\">\r\n<div class=\"vce-col-content\" data-vce-element-content=\"true\" data-vce-do-apply=\"padding el-ec88af8d\">\r\n<div class=\"vcv-row-control-wrapper\">\u00a0<\/div>\r\n<\/div>\r\n<\/div>\r\n<\/div>\r\n<\/div>\r\n<\/div>\r\n<\/div>\r\n","protected":false},"excerpt":{"rendered":"<p>\u00a0 \u00a0 Nos tarifsMise \u00e0 jour le 08\/04\/2026 Nos tarifs sont tr\u00e8s comp\u00e9titifs et l\u2019\u00e9quipe dirigeante met tout en \u0153uvre pour qu\u2019ils \u00e9voluent raisonnablement au fil du temps. Notre club, association loi de 1901, est sans but lucratif et les co\u00fbts horaires des avions sont calcul\u00e9s au plus juste afin que chacun puisse pratiquer au [&hellip;]<\/p>\n","protected":false},"author":1,"featured_media":0,"parent":0,"menu_order":0,"comment_status":"closed","ping_status":"closed","template":"","meta":{"qubely_global_settings":"","qubely_interactions":"","_monsterinsights_skip_tracking":false,"_monsterinsights_sitenote_active":false,"_monsterinsights_sitenote_note":"","_monsterinsights_sitenote_category":0,"footnotes":""},"class_list":["post-1286","page","type-page","status-publish","hentry"],"blocksy_meta":{"styles_descriptor":{"styles":{"desktop":"","tablet":"","mobile":""},"google_fonts":[],"version":6}},"yoast_head":"<!-- This site is optimized with the Yoast SEO plugin v27.4 - https:\/\/yoast.com\/product\/yoast-seo-wordpress\/ -->\n<title>Tarifs - A\u00e9ro-Club du Grand Lyon<\/title>\n<meta name=\"robots\" content=\"index, follow, max-snippet:-1, max-image-preview:large, max-video-preview:-1\" \/>\n<link rel=\"canonical\" href=\"https:\/\/www.acgl.fr\/index.php\/tarifs\/\" \/>\n<meta property=\"og:locale\" content=\"fr_FR\" \/>\n<meta property=\"og:type\" content=\"article\" \/>\n<meta property=\"og:title\" content=\"Tarifs - A\u00e9ro-Club du Grand Lyon\" \/>\n<meta property=\"og:description\" content=\"\u00a0 \u00a0 Nos tarifsMise \u00e0 jour le 08\/04\/2026 Nos tarifs sont tr\u00e8s comp\u00e9titifs et l\u2019\u00e9quipe dirigeante met tout en \u0153uvre pour qu\u2019ils \u00e9voluent raisonnablement au fil du temps. Notre club, association loi de 1901, est sans but lucratif et les co\u00fbts horaires des avions sont calcul\u00e9s au plus juste afin que chacun puisse pratiquer au [&hellip;]\" \/>\n<meta property=\"og:url\" content=\"https:\/\/www.acgl.fr\/index.php\/tarifs\/\" \/>\n<meta property=\"og:site_name\" content=\"A\u00e9ro-Club du Grand Lyon\" \/>\n<meta property=\"article:publisher\" content=\"https:\/\/www.facebook.com\/AeroClubduGrandLyon\/\" \/>\n<meta property=\"article:modified_time\" content=\"2026-04-08T18:38:46+00:00\" \/>\n<meta name=\"twitter:card\" content=\"summary_large_image\" \/>\n<meta name=\"twitter:label1\" content=\"Dur\u00e9e de lecture estim\u00e9e\" \/>\n\t<meta name=\"twitter:data1\" content=\"2 minutes\" \/>\n<script type=\"application\/ld+json\" class=\"yoast-schema-graph\">{\"@context\":\"https:\\\/\\\/schema.org\",\"@graph\":[{\"@type\":\"WebPage\",\"@id\":\"https:\\\/\\\/www.acgl.fr\\\/index.php\\\/tarifs\\\/\",\"url\":\"https:\\\/\\\/www.acgl.fr\\\/index.php\\\/tarifs\\\/\",\"name\":\"Tarifs - A\u00e9ro-Club du Grand Lyon\",\"isPartOf\":{\"@id\":\"https:\\\/\\\/www.acgl.fr\\\/#website\"},\"datePublished\":\"2021-11-23T21:18:22+00:00\",\"dateModified\":\"2026-04-08T18:38:46+00:00\",\"breadcrumb\":{\"@id\":\"https:\\\/\\\/www.acgl.fr\\\/index.php\\\/tarifs\\\/#breadcrumb\"},\"inLanguage\":\"fr-FR\",\"potentialAction\":[{\"@type\":\"ReadAction\",\"target\":[\"https:\\\/\\\/www.acgl.fr\\\/index.php\\\/tarifs\\\/\"]}]},{\"@type\":\"BreadcrumbList\",\"@id\":\"https:\\\/\\\/www.acgl.fr\\\/index.php\\\/tarifs\\\/#breadcrumb\",\"itemListElement\":[{\"@type\":\"ListItem\",\"position\":1,\"name\":\"Accueil\",\"item\":\"https:\\\/\\\/www.acgl.fr\\\/\"},{\"@type\":\"ListItem\",\"position\":2,\"name\":\"Tarifs\"}]},{\"@type\":\"WebSite\",\"@id\":\"https:\\\/\\\/www.acgl.fr\\\/#website\",\"url\":\"https:\\\/\\\/www.acgl.fr\\\/\",\"name\":\"A\u00e9ro-Club du Grand Lyon\",\"description\":\"l&#039;A\u00e9roclub qui vous aide \u00e0 concr\u00e9tiser vos r\u00eaves\",\"publisher\":{\"@id\":\"https:\\\/\\\/www.acgl.fr\\\/#organization\"},\"potentialAction\":[{\"@type\":\"SearchAction\",\"target\":{\"@type\":\"EntryPoint\",\"urlTemplate\":\"https:\\\/\\\/www.acgl.fr\\\/?s={search_term_string}\"},\"query-input\":{\"@type\":\"PropertyValueSpecification\",\"valueRequired\":true,\"valueName\":\"search_term_string\"}}],\"inLanguage\":\"fr-FR\"},{\"@type\":\"Organization\",\"@id\":\"https:\\\/\\\/www.acgl.fr\\\/#organization\",\"name\":\"A\u00e9roclub du Grand Lyon\",\"url\":\"https:\\\/\\\/www.acgl.fr\\\/\",\"logo\":{\"@type\":\"ImageObject\",\"inLanguage\":\"fr-FR\",\"@id\":\"https:\\\/\\\/www.acgl.fr\\\/#\\\/schema\\\/logo\\\/image\\\/\",\"url\":\"https:\\\/\\\/www.acgl.fr\\\/wp-content\\\/uploads\\\/2021\\\/10\\\/AGCL_logo_190.png\",\"contentUrl\":\"https:\\\/\\\/www.acgl.fr\\\/wp-content\\\/uploads\\\/2021\\\/10\\\/AGCL_logo_190.png\",\"width\":190,\"height\":190,\"caption\":\"A\u00e9roclub du Grand Lyon\"},\"image\":{\"@id\":\"https:\\\/\\\/www.acgl.fr\\\/#\\\/schema\\\/logo\\\/image\\\/\"},\"sameAs\":[\"https:\\\/\\\/www.facebook.com\\\/AeroClubduGrandLyon\\\/\",\"https:\\\/\\\/www.instagram.com\\\/aeroclub_acgl\\\/\",\"https:\\\/\\\/www.youtube.com\\\/channel\\\/UCDYm_MaF1IlbRxICQXUDYmw\"]}]}<\/script>\n<!-- \/ Yoast SEO plugin. -->","yoast_head_json":{"title":"Tarifs - A\u00e9ro-Club du Grand Lyon","robots":{"index":"index","follow":"follow","max-snippet":"max-snippet:-1","max-image-preview":"max-image-preview:large","max-video-preview":"max-video-preview:-1"},"canonical":"https:\/\/www.acgl.fr\/index.php\/tarifs\/","og_locale":"fr_FR","og_type":"article","og_title":"Tarifs - A\u00e9ro-Club du Grand Lyon","og_description":"\u00a0 \u00a0 Nos tarifsMise \u00e0 jour le 08\/04\/2026 Nos tarifs sont tr\u00e8s comp\u00e9titifs et l\u2019\u00e9quipe dirigeante met tout en \u0153uvre pour qu\u2019ils \u00e9voluent raisonnablement au fil du temps. Notre club, association loi de 1901, est sans but lucratif et les co\u00fbts horaires des avions sont calcul\u00e9s au plus juste afin que chacun puisse pratiquer au [&hellip;]","og_url":"https:\/\/www.acgl.fr\/index.php\/tarifs\/","og_site_name":"A\u00e9ro-Club du Grand Lyon","article_publisher":"https:\/\/www.facebook.com\/AeroClubduGrandLyon\/","article_modified_time":"2026-04-08T18:38:46+00:00","twitter_card":"summary_large_image","twitter_misc":{"Dur\u00e9e de lecture estim\u00e9e":"2 minutes"},"schema":{"@context":"https:\/\/schema.org","@graph":[{"@type":"WebPage","@id":"https:\/\/www.acgl.fr\/index.php\/tarifs\/","url":"https:\/\/www.acgl.fr\/index.php\/tarifs\/","name":"Tarifs - A\u00e9ro-Club du Grand Lyon","isPartOf":{"@id":"https:\/\/www.acgl.fr\/#website"},"datePublished":"2021-11-23T21:18:22+00:00","dateModified":"2026-04-08T18:38:46+00:00","breadcrumb":{"@id":"https:\/\/www.acgl.fr\/index.php\/tarifs\/#breadcrumb"},"inLanguage":"fr-FR","potentialAction":[{"@type":"ReadAction","target":["https:\/\/www.acgl.fr\/index.php\/tarifs\/"]}]},{"@type":"BreadcrumbList","@id":"https:\/\/www.acgl.fr\/index.php\/tarifs\/#breadcrumb","itemListElement":[{"@type":"ListItem","position":1,"name":"Accueil","item":"https:\/\/www.acgl.fr\/"},{"@type":"ListItem","position":2,"name":"Tarifs"}]},{"@type":"WebSite","@id":"https:\/\/www.acgl.fr\/#website","url":"https:\/\/www.acgl.fr\/","name":"A\u00e9ro-Club du Grand Lyon","description":"l&#039;A\u00e9roclub qui vous aide \u00e0 concr\u00e9tiser vos r\u00eaves","publisher":{"@id":"https:\/\/www.acgl.fr\/#organization"},"potentialAction":[{"@type":"SearchAction","target":{"@type":"EntryPoint","urlTemplate":"https:\/\/www.acgl.fr\/?s={search_term_string}"},"query-input":{"@type":"PropertyValueSpecification","valueRequired":true,"valueName":"search_term_string"}}],"inLanguage":"fr-FR"},{"@type":"Organization","@id":"https:\/\/www.acgl.fr\/#organization","name":"A\u00e9roclub du Grand Lyon","url":"https:\/\/www.acgl.fr\/","logo":{"@type":"ImageObject","inLanguage":"fr-FR","@id":"https:\/\/www.acgl.fr\/#\/schema\/logo\/image\/","url":"https:\/\/www.acgl.fr\/wp-content\/uploads\/2021\/10\/AGCL_logo_190.png","contentUrl":"https:\/\/www.acgl.fr\/wp-content\/uploads\/2021\/10\/AGCL_logo_190.png","width":190,"height":190,"caption":"A\u00e9roclub du Grand Lyon"},"image":{"@id":"https:\/\/www.acgl.fr\/#\/schema\/logo\/image\/"},"sameAs":["https:\/\/www.facebook.com\/AeroClubduGrandLyon\/","https:\/\/www.instagram.com\/aeroclub_acgl\/","https:\/\/www.youtube.com\/channel\/UCDYm_MaF1IlbRxICQXUDYmw"]}]}},"_links":{"self":[{"href":"https:\/\/www.acgl.fr\/index.php\/wp-json\/wp\/v2\/pages\/1286","targetHints":{"allow":["GET"]}}],"collection":[{"href":"https:\/\/www.acgl.fr\/index.php\/wp-json\/wp\/v2\/pages"}],"about":[{"href":"https:\/\/www.acgl.fr\/index.php\/wp-json\/wp\/v2\/types\/page"}],"author":[{"embeddable":true,"href":"https:\/\/www.acgl.fr\/index.php\/wp-json\/wp\/v2\/users\/1"}],"replies":[{"embeddable":true,"href":"https:\/\/www.acgl.fr\/index.php\/wp-json\/wp\/v2\/comments?post=1286"}],"version-history":[{"count":70,"href":"https:\/\/www.acgl.fr\/index.php\/wp-json\/wp\/v2\/pages\/1286\/revisions"}],"predecessor-version":[{"id":2073,"href":"https:\/\/www.acgl.fr\/index.php\/wp-json\/wp\/v2\/pages\/1286\/revisions\/2073"}],"wp:attachment":[{"href":"https:\/\/www.acgl.fr\/index.php\/wp-json\/wp\/v2\/media?parent=1286"}],"curies":[{"name":"wp","href":"https:\/\/api.w.org\/{rel}","templated":true}]}}