{"id":1468,"date":"2021-12-07T18:12:55","date_gmt":"2021-12-07T17:12:55","guid":{"rendered":"https:\/\/www.acgl.fr\/?page_id=1468"},"modified":"2021-12-07T23:52:23","modified_gmt":"2021-12-07T22:52:23","slug":"ealc","status":"publish","type":"page","link":"https:\/\/www.acgl.fr\/index.php\/ealc\/","title":{"rendered":"Ealc"},"content":{"rendered":"<div class=\"vce-row-container\" data-vce-boxed-width=\"true\"><div class=\"vce-row vce-row--col-gap-30 vce-row-equal-height vce-row-content--top\" id=\"el-9b4797ae\" data-vce-do-apply=\"all el-9b4797ae\"><div class=\"vce-row-content\" data-vce-element-content=\"true\"><div class=\"vce-col vce-col--md-auto vce-col--xs-1 vce-col--xs-last vce-col--xs-first vce-col--sm-last vce-col--sm-first vce-col--md-last vce-col--lg-last vce-col--xl-last vce-col--md-first vce-col--lg-first vce-col--xl-first\" id=\"el-51a9e12d\"><div class=\"vce-col-inner\" data-vce-do-apply=\"border margin background  el-51a9e12d\"><div class=\"vce-col-content\" data-vce-element-content=\"true\" data-vce-do-apply=\"padding el-51a9e12d\"><div class=\"vce-text-block\"><div class=\"vce-text-block-wrapper vce\" id=\"el-11511324\" data-vce-do-apply=\"all el-11511324\"><h2>MUSEE de L'AVIATION Cl\u00e9ment Ader<\/h2><h2><a href=\"http:\/\/www.ealc.fr\/\" target=\"_blank\" rel=\"noopener\"><img loading=\"lazy\" decoding=\"async\" class=\"alignright wp-image-1506\" src=\"https:\/\/www.acgl.fr\/wp-content\/uploads\/2021\/12\/logo_ealc.png\" alt=\"\" width=\"276\" height=\"187\" srcset=\"https:\/\/www.acgl.fr\/wp-content\/uploads\/2021\/12\/logo_ealc.png 995w, https:\/\/www.acgl.fr\/wp-content\/uploads\/2021\/12\/logo_ealc-300x203.png 300w, https:\/\/www.acgl.fr\/wp-content\/uploads\/2021\/12\/logo_ealc-768x520.png 768w\" sizes=\"auto, (max-width: 276px) 100vw, 276px\" \/><\/a><\/h2><p>L'accueil t\u00e9l\u00e9phonique du mus\u00e9e Cl\u00e9ment Ader \/ EALC est ouvert tous les jours de 14H \u00e0 17H30 sauf le mardi.<\/p><p><strong>04 78 90 35<\/strong> 24 site internet&nbsp;<a href=\"http:\/\/www.ealc.fr\/\" target=\"_blank\" rel=\"noopener\">www.ealc.fr<\/a><\/p><p>EALC \/ Mus\u00e9e de l'aviation<br>Mairie de Corbas<br>69964 Corbas Cedex<\/p><h4>Pour acc\u00e9der au mus\u00e9e<\/h4><h5 class=\"p1\">Adresse g\u00e9ographique :&nbsp;rue Nungesser et Coli 69960 Corbas<\/h5><p class=\"p1\">Le Mus\u00e9e \"Cl\u00e9ment Ader\" est situ\u00e9 dans le parc de loisirs de la ville de Corbas, en bordure ouest de l'a\u00e9rodrome de Corbas.<\/p><ul><li class=\"p1\">Aires de jeux pour enfants &nbsp;<\/li><li class=\"p1\">Espaces pique-nique am\u00e9nag\u00e9s<\/li><li class=\"p1\">Parking gratuit (entr\u00e9e rue Nungesser et Coli)<\/li><\/ul><h5>Acc\u00e8s par autoroute A46<\/h5><p>Sortie n\u00b015 - Au rond-point prendre direction Corbas puis, \u00e0 500 m\u00e8tres, prendre \u00e0 droite rue Nungesser et Coli jusqu'au Totem marqu\u00e9 Parc de loisirs.<\/p><h5>Acc\u00e8s par autoroute A7 &nbsp; &nbsp;<\/h5><p class=\"p1\">Sortie V\u00e9nissieux - Corbas ( pr\u00e8s raffinerie de Feyzin )<br>Boulevard Urbain Sud ( BUS )&nbsp; sur 4 Km<br>Prendre Sortie Les TAILLIS&nbsp;-&nbsp;Suivre&nbsp;A\u00e9rodrome Mus\u00e9e de l'aviation<\/p><p class=\"p1\">Acc\u00e8s parking visiteurs \u00e0 c\u00f4t\u00e9 de l'entr\u00e9e du CVVL ( Centre de Vol \u00e0 Voile Lyonnais ) - rue Nungesser et Coli<\/p><h5>Coordonn\u00e9es GPS<\/h5><p>&nbsp;&nbsp;&nbsp; N 45.654\u00b0<br>&nbsp;&nbsp;&nbsp; E 4.909\u00b0<\/p><\/div><\/div><\/div><\/div><\/div><\/div><\/div><\/div>\n","protected":false},"excerpt":{"rendered":"<p>MUSEE de L&rsquo;AVIATION Cl\u00e9ment AderL&rsquo;accueil t\u00e9l\u00e9phonique du mus\u00e9e Cl\u00e9ment Ader \/ EALC est ouvert tous les jours de 14H \u00e0 17H30 sauf le mardi.04 78 90 35 24 site internet&nbsp;www.ealc.frEALC \/ Mus\u00e9e de l&rsquo;aviationMairie de Corbas69964 Corbas CedexPour acc\u00e9der au mus\u00e9eAdresse g\u00e9ographique :&nbsp;rue Nungesser et Coli 69960 CorbasLe Mus\u00e9e \u00ab\u00a0Cl\u00e9ment Ader\u00a0\u00bb est situ\u00e9 dans le [&hellip;]<\/p>\n","protected":false},"author":1,"featured_media":0,"parent":0,"menu_order":0,"comment_status":"closed","ping_status":"closed","template":"","meta":{"qubely_global_settings":"","qubely_interactions":"","_monsterinsights_skip_tracking":false,"_monsterinsights_sitenote_active":false,"_monsterinsights_sitenote_note":"","_monsterinsights_sitenote_category":0,"footnotes":""},"class_list":["post-1468","page","type-page","status-publish","hentry"],"blocksy_meta":{"styles_descriptor":{"styles":{"desktop":"","tablet":"","mobile":""},"google_fonts":[],"version":6}},"yoast_head":"<!-- This site is optimized with the Yoast SEO plugin v27.5 - https:\/\/yoast.com\/product\/yoast-seo-wordpress\/ -->\n<title>Ealc - A\u00e9ro-Club du Grand Lyon<\/title>\n<meta name=\"robots\" content=\"index, follow, max-snippet:-1, max-image-preview:large, max-video-preview:-1\" \/>\n<link rel=\"canonical\" href=\"https:\/\/www.acgl.fr\/index.php\/ealc\/\" \/>\n<meta property=\"og:locale\" content=\"fr_FR\" \/>\n<meta property=\"og:type\" content=\"article\" \/>\n<meta property=\"og:title\" content=\"Ealc - A\u00e9ro-Club du Grand Lyon\" \/>\n<meta property=\"og:description\" content=\"MUSEE de L&#039;AVIATION Cl\u00e9ment AderL&#039;accueil t\u00e9l\u00e9phonique du mus\u00e9e Cl\u00e9ment Ader \/ EALC est ouvert tous les jours de 14H \u00e0 17H30 sauf le mardi.04 78 90 35 24 site internet&nbsp;www.ealc.frEALC \/ Mus\u00e9e de l&#039;aviationMairie de Corbas69964 Corbas CedexPour acc\u00e9der au mus\u00e9eAdresse g\u00e9ographique :&nbsp;rue Nungesser et Coli 69960 CorbasLe Mus\u00e9e &quot;Cl\u00e9ment Ader&quot; est situ\u00e9 dans le [&hellip;]\" \/>\n<meta property=\"og:url\" content=\"https:\/\/www.acgl.fr\/index.php\/ealc\/\" \/>\n<meta property=\"og:site_name\" content=\"A\u00e9ro-Club du Grand Lyon\" \/>\n<meta property=\"article:publisher\" content=\"https:\/\/www.facebook.com\/AeroClubduGrandLyon\/\" \/>\n<meta property=\"article:modified_time\" content=\"2021-12-07T22:52:23+00:00\" \/>\n<meta name=\"twitter:card\" content=\"summary_large_image\" \/>\n<meta name=\"twitter:label1\" content=\"Dur\u00e9e de lecture estim\u00e9e\" \/>\n\t<meta name=\"twitter:data1\" content=\"1 minute\" \/>\n<script type=\"application\/ld+json\" class=\"yoast-schema-graph\">{\"@context\":\"https:\\\/\\\/schema.org\",\"@graph\":[{\"@type\":\"WebPage\",\"@id\":\"https:\\\/\\\/www.acgl.fr\\\/index.php\\\/ealc\\\/\",\"url\":\"https:\\\/\\\/www.acgl.fr\\\/index.php\\\/ealc\\\/\",\"name\":\"Ealc - A\u00e9ro-Club du Grand Lyon\",\"isPartOf\":{\"@id\":\"https:\\\/\\\/www.acgl.fr\\\/#website\"},\"datePublished\":\"2021-12-07T17:12:55+00:00\",\"dateModified\":\"2021-12-07T22:52:23+00:00\",\"breadcrumb\":{\"@id\":\"https:\\\/\\\/www.acgl.fr\\\/index.php\\\/ealc\\\/#breadcrumb\"},\"inLanguage\":\"fr-FR\",\"potentialAction\":[{\"@type\":\"ReadAction\",\"target\":[\"https:\\\/\\\/www.acgl.fr\\\/index.php\\\/ealc\\\/\"]}]},{\"@type\":\"BreadcrumbList\",\"@id\":\"https:\\\/\\\/www.acgl.fr\\\/index.php\\\/ealc\\\/#breadcrumb\",\"itemListElement\":[{\"@type\":\"ListItem\",\"position\":1,\"name\":\"Accueil\",\"item\":\"https:\\\/\\\/www.acgl.fr\\\/\"},{\"@type\":\"ListItem\",\"position\":2,\"name\":\"Ealc\"}]},{\"@type\":\"WebSite\",\"@id\":\"https:\\\/\\\/www.acgl.fr\\\/#website\",\"url\":\"https:\\\/\\\/www.acgl.fr\\\/\",\"name\":\"A\u00e9ro-Club du Grand Lyon\",\"description\":\"l&#039;A\u00e9roclub qui vous aide \u00e0 concr\u00e9tiser vos r\u00eaves\",\"publisher\":{\"@id\":\"https:\\\/\\\/www.acgl.fr\\\/#organization\"},\"potentialAction\":[{\"@type\":\"SearchAction\",\"target\":{\"@type\":\"EntryPoint\",\"urlTemplate\":\"https:\\\/\\\/www.acgl.fr\\\/?s={search_term_string}\"},\"query-input\":{\"@type\":\"PropertyValueSpecification\",\"valueRequired\":true,\"valueName\":\"search_term_string\"}}],\"inLanguage\":\"fr-FR\"},{\"@type\":\"Organization\",\"@id\":\"https:\\\/\\\/www.acgl.fr\\\/#organization\",\"name\":\"A\u00e9roclub du Grand Lyon\",\"url\":\"https:\\\/\\\/www.acgl.fr\\\/\",\"logo\":{\"@type\":\"ImageObject\",\"inLanguage\":\"fr-FR\",\"@id\":\"https:\\\/\\\/www.acgl.fr\\\/#\\\/schema\\\/logo\\\/image\\\/\",\"url\":\"https:\\\/\\\/www.acgl.fr\\\/wp-content\\\/uploads\\\/2021\\\/10\\\/AGCL_logo_190.png\",\"contentUrl\":\"https:\\\/\\\/www.acgl.fr\\\/wp-content\\\/uploads\\\/2021\\\/10\\\/AGCL_logo_190.png\",\"width\":190,\"height\":190,\"caption\":\"A\u00e9roclub du Grand Lyon\"},\"image\":{\"@id\":\"https:\\\/\\\/www.acgl.fr\\\/#\\\/schema\\\/logo\\\/image\\\/\"},\"sameAs\":[\"https:\\\/\\\/www.facebook.com\\\/AeroClubduGrandLyon\\\/\",\"https:\\\/\\\/www.instagram.com\\\/aeroclub_acgl\\\/\",\"https:\\\/\\\/www.youtube.com\\\/channel\\\/UCDYm_MaF1IlbRxICQXUDYmw\"]}]}<\/script>\n<!-- \/ Yoast SEO plugin. -->","yoast_head_json":{"title":"Ealc - A\u00e9ro-Club du Grand Lyon","robots":{"index":"index","follow":"follow","max-snippet":"max-snippet:-1","max-image-preview":"max-image-preview:large","max-video-preview":"max-video-preview:-1"},"canonical":"https:\/\/www.acgl.fr\/index.php\/ealc\/","og_locale":"fr_FR","og_type":"article","og_title":"Ealc - A\u00e9ro-Club du Grand Lyon","og_description":"MUSEE de L'AVIATION Cl\u00e9ment AderL'accueil t\u00e9l\u00e9phonique du mus\u00e9e Cl\u00e9ment Ader \/ EALC est ouvert tous les jours de 14H \u00e0 17H30 sauf le mardi.04 78 90 35 24 site internet&nbsp;www.ealc.frEALC \/ Mus\u00e9e de l'aviationMairie de Corbas69964 Corbas CedexPour acc\u00e9der au mus\u00e9eAdresse g\u00e9ographique :&nbsp;rue Nungesser et Coli 69960 CorbasLe Mus\u00e9e \"Cl\u00e9ment Ader\" est situ\u00e9 dans le [&hellip;]","og_url":"https:\/\/www.acgl.fr\/index.php\/ealc\/","og_site_name":"A\u00e9ro-Club du Grand Lyon","article_publisher":"https:\/\/www.facebook.com\/AeroClubduGrandLyon\/","article_modified_time":"2021-12-07T22:52:23+00:00","twitter_card":"summary_large_image","twitter_misc":{"Dur\u00e9e de lecture estim\u00e9e":"1 minute"},"schema":{"@context":"https:\/\/schema.org","@graph":[{"@type":"WebPage","@id":"https:\/\/www.acgl.fr\/index.php\/ealc\/","url":"https:\/\/www.acgl.fr\/index.php\/ealc\/","name":"Ealc - A\u00e9ro-Club du Grand Lyon","isPartOf":{"@id":"https:\/\/www.acgl.fr\/#website"},"datePublished":"2021-12-07T17:12:55+00:00","dateModified":"2021-12-07T22:52:23+00:00","breadcrumb":{"@id":"https:\/\/www.acgl.fr\/index.php\/ealc\/#breadcrumb"},"inLanguage":"fr-FR","potentialAction":[{"@type":"ReadAction","target":["https:\/\/www.acgl.fr\/index.php\/ealc\/"]}]},{"@type":"BreadcrumbList","@id":"https:\/\/www.acgl.fr\/index.php\/ealc\/#breadcrumb","itemListElement":[{"@type":"ListItem","position":1,"name":"Accueil","item":"https:\/\/www.acgl.fr\/"},{"@type":"ListItem","position":2,"name":"Ealc"}]},{"@type":"WebSite","@id":"https:\/\/www.acgl.fr\/#website","url":"https:\/\/www.acgl.fr\/","name":"A\u00e9ro-Club du Grand Lyon","description":"l&#039;A\u00e9roclub qui vous aide \u00e0 concr\u00e9tiser vos r\u00eaves","publisher":{"@id":"https:\/\/www.acgl.fr\/#organization"},"potentialAction":[{"@type":"SearchAction","target":{"@type":"EntryPoint","urlTemplate":"https:\/\/www.acgl.fr\/?s={search_term_string}"},"query-input":{"@type":"PropertyValueSpecification","valueRequired":true,"valueName":"search_term_string"}}],"inLanguage":"fr-FR"},{"@type":"Organization","@id":"https:\/\/www.acgl.fr\/#organization","name":"A\u00e9roclub du Grand Lyon","url":"https:\/\/www.acgl.fr\/","logo":{"@type":"ImageObject","inLanguage":"fr-FR","@id":"https:\/\/www.acgl.fr\/#\/schema\/logo\/image\/","url":"https:\/\/www.acgl.fr\/wp-content\/uploads\/2021\/10\/AGCL_logo_190.png","contentUrl":"https:\/\/www.acgl.fr\/wp-content\/uploads\/2021\/10\/AGCL_logo_190.png","width":190,"height":190,"caption":"A\u00e9roclub du Grand Lyon"},"image":{"@id":"https:\/\/www.acgl.fr\/#\/schema\/logo\/image\/"},"sameAs":["https:\/\/www.facebook.com\/AeroClubduGrandLyon\/","https:\/\/www.instagram.com\/aeroclub_acgl\/","https:\/\/www.youtube.com\/channel\/UCDYm_MaF1IlbRxICQXUDYmw"]}]}},"_links":{"self":[{"href":"https:\/\/www.acgl.fr\/index.php\/wp-json\/wp\/v2\/pages\/1468","targetHints":{"allow":["GET"]}}],"collection":[{"href":"https:\/\/www.acgl.fr\/index.php\/wp-json\/wp\/v2\/pages"}],"about":[{"href":"https:\/\/www.acgl.fr\/index.php\/wp-json\/wp\/v2\/types\/page"}],"author":[{"embeddable":true,"href":"https:\/\/www.acgl.fr\/index.php\/wp-json\/wp\/v2\/users\/1"}],"replies":[{"embeddable":true,"href":"https:\/\/www.acgl.fr\/index.php\/wp-json\/wp\/v2\/comments?post=1468"}],"version-history":[{"count":4,"href":"https:\/\/www.acgl.fr\/index.php\/wp-json\/wp\/v2\/pages\/1468\/revisions"}],"predecessor-version":[{"id":1509,"href":"https:\/\/www.acgl.fr\/index.php\/wp-json\/wp\/v2\/pages\/1468\/revisions\/1509"}],"wp:attachment":[{"href":"https:\/\/www.acgl.fr\/index.php\/wp-json\/wp\/v2\/media?parent=1468"}],"curies":[{"name":"wp","href":"https:\/\/api.w.org\/{rel}","templated":true}]}}